{"id":1358,"date":"2021-05-16T18:01:05","date_gmt":"2021-05-16T18:01:05","guid":{"rendered":"http:\/\/www.aatrtempsite.com\/?page_id=1358"},"modified":"2025-05-23T21:21:49","modified_gmt":"2025-05-23T21:21:49","slug":"alkol-bagimlilik-merkezleri","status":"publish","type":"page","link":"http:\/\/www.adsizalkolikler.com\/index.php\/alkol-bagimlilik-merkezleri\/","title":{"rendered":"Alkol Ba\u011f\u0131ml\u0131l\u0131k Merkezleri"},"content":{"rendered":"<h1><a href=\"https:\/\/www.yedam.org.tr\/\" target=\"_blank\" rel=\"noopener\">Yedam<\/a><\/h1>\n<p><span style=\"font-size: 1rem;\">YEDAM, 104 y\u0131ld\u0131r ba\u011f\u0131ml\u0131l\u0131kla m\u00fccadele eden T\u00fcrkiye Ye\u015filay Cemiyeti b\u00fcnyesinde kurulmu\u015f uzmanlar taraf\u0131ndan psikolojik ve sosyal destek veren bir merkezdir.\u00a0<\/span><\/p>\n<h1><a href=\"http:\/\/www.amatem.org\/\" target=\"_blank\" rel=\"noopener\">Amatem<\/a><\/h1>\n<p>Alkol, re\u00e7eteli ya da yasad\u0131\u015f\u0131 uyar\u0131c\u0131 ve uyu\u015fturucu maddelerin k\u00f6t\u00fcye kullan\u0131m\u0131 ve ba\u011f\u0131ml\u0131\u011f\u0131 giderek artmakta ve halk sa\u011fl\u0131\u011f\u0131 sorununa d\u00f6n\u00fc\u015fmektedir. Hastanemiz A giri\u015f kap\u0131s\u0131nda kendi binas\u0131nda hizmet vermekte olan AMATEM poliklini\u011fi madde k\u00f6t\u00fcye kullan\u0131m\u0131 ve ba\u011f\u0131ml\u0131l\u0131\u011f\u0131n\u0131 sonland\u0131rma, ya\u015famlar\u0131 \u00fczerindeki kontrollerini yeniden ellerine alma ve kay\u0131plar\u0131n\u0131 yeniden kazanmay\u0131 isteyen ki\u015filere \u00e7ok y\u00f6nl\u00fc destek sunmaktad\u0131r<br \/>\nPoliklini\u011fe ba\u015fvuran hastalarda her ki\u015fide kendine \u00f6zg\u00fc olan sorunun belirlenmesi, ihtiya\u00e7lar\u0131n saptanmas\u0131 ki\u015filerin tedavi a\u00e7\u0131s\u0131ndan motivasyonlar\u0131n\u0131n olu\u015fturulmas\u0131 ve g\u00fc\u00e7lendirilmesi tedavi ve terapi i\u00e7in esnek stratejiler geli\u015ftirilmesi ama\u00e7lanmaktad\u0131r. Ay\u0131kl\u0131\u011f\u0131n s\u00fcrd\u00fcr\u00fclmesi i\u00e7in hem hastan\u0131n katk\u0131s\u0131n\u0131n sa\u011flanmas\u0131 hemde terapi hizmetlerinin sunumu planlan\u0131r. Gerekti\u011fi durumlarda hasta yatarak tedavi birimi programlar\u0131na y\u00f6nlendirilir. Tedavi ekibini alan\u0131nda deneyimli psikiyatristler, psikologlar, psikiyatri hem\u015fireleri ve rehabilitasyon ekibi olu\u015fturur.<\/p>\n","protected":false},"excerpt":{"rendered":"<p>Yedam YEDAM, 104 y\u0131ld\u0131r ba\u011f\u0131ml\u0131l\u0131kla m\u00fccadele eden T\u00fcrkiye Ye\u015filay Cemiyeti b\u00fcnyesinde kurulmu\u015f uzmanlar taraf\u0131ndan psikolojik ve sosyal destek veren bir merkezdir.\u00a0 Amatem Alkol, re\u00e7eteli ya da yasad\u0131\u015f\u0131 uyar\u0131c\u0131 ve uyu\u015fturucu maddelerin k\u00f6t\u00fcye kullan\u0131m\u0131 ve ba\u011f\u0131ml\u0131\u011f\u0131 giderek artmakta ve halk sa\u011fl\u0131\u011f\u0131 sorununa d\u00f6n\u00fc\u015fmektedir. Hastanemiz A giri\u015f kap\u0131s\u0131nda kendi binas\u0131nda hizmet vermekte olan AMATEM poliklini\u011fi madde k\u00f6t\u00fcye &hellip; <\/p>\n<p class=\"link-more\"><a href=\"http:\/\/www.adsizalkolikler.com\/index.php\/alkol-bagimlilik-merkezleri\/\" class=\"more-link\">Okumaya devam et<span class=\"screen-reader-text\"> &#8220;Alkol Ba\u011f\u0131ml\u0131l\u0131k Merkezleri&#8221;<\/span><\/a><\/p>\n","protected":false},"author":1,"featured_media":0,"parent":0,"menu_order":0,"comment_status":"closed","ping_status":"closed","template":"","meta":{"footnotes":""},"class_list":["post-1358","page","type-page","status-publish","hentry"],"_links":{"self":[{"href":"http:\/\/www.adsizalkolikler.com\/index.php\/wp-json\/wp\/v2\/pages\/1358","targetHints":{"allow":["GET"]}}],"collection":[{"href":"http:\/\/www.adsizalkolikler.com\/index.php\/wp-json\/wp\/v2\/pages"}],"about":[{"href":"http:\/\/www.adsizalkolikler.com\/index.php\/wp-json\/wp\/v2\/types\/page"}],"author":[{"embeddable":true,"href":"http:\/\/www.adsizalkolikler.com\/index.php\/wp-json\/wp\/v2\/users\/1"}],"replies":[{"embeddable":true,"href":"http:\/\/www.adsizalkolikler.com\/index.php\/wp-json\/wp\/v2\/comments?post=1358"}],"version-history":[{"count":4,"href":"http:\/\/www.adsizalkolikler.com\/index.php\/wp-json\/wp\/v2\/pages\/1358\/revisions"}],"predecessor-version":[{"id":2192,"href":"http:\/\/www.adsizalkolikler.com\/index.php\/wp-json\/wp\/v2\/pages\/1358\/revisions\/2192"}],"wp:attachment":[{"href":"http:\/\/www.adsizalkolikler.com\/index.php\/wp-json\/wp\/v2\/media?parent=1358"}],"curies":[{"name":"wp","href":"https:\/\/api.w.org\/{rel}","templated":true}]}}