{"id":2141,"date":"2024-10-19T11:42:25","date_gmt":"2024-10-19T11:42:25","guid":{"rendered":"http:\/\/www.adsizalkolikler.com\/?page_id=2141"},"modified":"2024-10-19T11:42:56","modified_gmt":"2024-10-19T11:42:56","slug":"adsiz-alkolikler-egekom-bolge-toplanti-duyurusu","status":"publish","type":"page","link":"http:\/\/www.adsizalkolikler.com\/index.php\/adsiz-alkolikler-egekom-bolge-toplanti-duyurusu\/","title":{"rendered":"Ads\u0131z Alkolikler EgeKom B\u00f6lge Toplant\u0131 Duyurusu"},"content":{"rendered":"\t\t<div data-elementor-type=\"wp-page\" data-elementor-id=\"2141\" class=\"elementor elementor-2141\">\n\t\t\t\t\t\t\t\t\t<section class=\"elementor-section elementor-top-section elementor-element elementor-element-eb20b5e elementor-section-boxed elementor-section-height-default elementor-section-height-default\" data-id=\"eb20b5e\" data-element_type=\"section\">\n\t\t\t\t\t\t<div class=\"elementor-container elementor-column-gap-default\">\n\t\t\t\t\t<div class=\"elementor-column elementor-col-100 elementor-top-column elementor-element elementor-element-cf6f710\" data-id=\"cf6f710\" data-element_type=\"column\">\n\t\t\t<div class=\"elementor-widget-wrap elementor-element-populated\">\n\t\t\t\t\t\t\t\t<div class=\"elementor-element elementor-element-a313273 elementor-widget elementor-widget-image\" data-id=\"a313273\" data-element_type=\"widget\" data-widget_type=\"image.default\">\n\t\t\t\t<div class=\"elementor-widget-container\">\n\t\t\t<style>\/*! elementor - v3.6.7 - 03-07-2022 *\/\n.elementor-widget-image{text-align:center}.elementor-widget-image a{display:inline-block}.elementor-widget-image a img[src$=\".svg\"]{width:48px}.elementor-widget-image img{vertical-align:middle;display:inline-block}<\/style>\t\t\t\t\t\t\t\t\t\t\t\t<img loading=\"lazy\" decoding=\"async\" width=\"525\" height=\"743\" src=\"http:\/\/www.adsizalkolikler.com\/wp-content\/uploads\/2024\/10\/AA-EGEKOM-Bolge-Toplanti-Duyurusu-19-20-21-Aralik-2024-Denizli-Pamukkale-MARLEN-Hotel-1-724x1024.jpg\" class=\"attachment-large size-large\" alt=\"\" srcset=\"http:\/\/www.adsizalkolikler.com\/wp-content\/uploads\/2024\/10\/AA-EGEKOM-Bolge-Toplanti-Duyurusu-19-20-21-Aralik-2024-Denizli-Pamukkale-MARLEN-Hotel-1-212x300.jpg 212w, http:\/\/www.adsizalkolikler.com\/wp-content\/uploads\/2024\/10\/AA-EGEKOM-Bolge-Toplanti-Duyurusu-19-20-21-Aralik-2024-Denizli-Pamukkale-MARLEN-Hotel-1-724x1024.jpg 724w, http:\/\/www.adsizalkolikler.com\/wp-content\/uploads\/2024\/10\/AA-EGEKOM-Bolge-Toplanti-Duyurusu-19-20-21-Aralik-2024-Denizli-Pamukkale-MARLEN-Hotel-1-768x1086.jpg 768w, http:\/\/www.adsizalkolikler.com\/wp-content\/uploads\/2024\/10\/AA-EGEKOM-Bolge-Toplanti-Duyurusu-19-20-21-Aralik-2024-Denizli-Pamukkale-MARLEN-Hotel-1-1086x1536.jpg 1086w, http:\/\/www.adsizalkolikler.com\/wp-content\/uploads\/2024\/10\/AA-EGEKOM-Bolge-Toplanti-Duyurusu-19-20-21-Aralik-2024-Denizli-Pamukkale-MARLEN-Hotel-1.jpg 1131w\" sizes=\"auto, 100vw\" \/>\t\t\t\t\t\t\t\t\t\t\t\t\t\t\t<\/div>\n\t\t\t\t<\/div>\n\t\t\t\t\t<\/div>\n\t\t<\/div>\n\t\t\t\t\t\t\t<\/div>\n\t\t<\/section>\n\t\t\t\t\t\t\t<\/div>\n\t\t","protected":false},"excerpt":{"rendered":"","protected":false},"author":1,"featured_media":0,"parent":0,"menu_order":0,"comment_status":"closed","ping_status":"closed","template":"","meta":{"footnotes":""},"class_list":["post-2141","page","type-page","status-publish","hentry"],"_links":{"self":[{"href":"http:\/\/www.adsizalkolikler.com\/index.php\/wp-json\/wp\/v2\/pages\/2141","targetHints":{"allow":["GET"]}}],"collection":[{"href":"http:\/\/www.adsizalkolikler.com\/index.php\/wp-json\/wp\/v2\/pages"}],"about":[{"href":"http:\/\/www.adsizalkolikler.com\/index.php\/wp-json\/wp\/v2\/types\/page"}],"author":[{"embeddable":true,"href":"http:\/\/www.adsizalkolikler.com\/index.php\/wp-json\/wp\/v2\/users\/1"}],"replies":[{"embeddable":true,"href":"http:\/\/www.adsizalkolikler.com\/index.php\/wp-json\/wp\/v2\/comments?post=2141"}],"version-history":[{"count":3,"href":"http:\/\/www.adsizalkolikler.com\/index.php\/wp-json\/wp\/v2\/pages\/2141\/revisions"}],"predecessor-version":[{"id":2146,"href":"http:\/\/www.adsizalkolikler.com\/index.php\/wp-json\/wp\/v2\/pages\/2141\/revisions\/2146"}],"wp:attachment":[{"href":"http:\/\/www.adsizalkolikler.com\/index.php\/wp-json\/wp\/v2\/media?parent=2141"}],"curies":[{"name":"wp","href":"https:\/\/api.w.org\/{rel}","templated":true}]}}