{"id":976,"date":"2021-03-10T10:30:54","date_gmt":"2021-03-10T10:30:54","guid":{"rendered":"http:\/\/www.aatrtempsite.com\/?page_id=976"},"modified":"2025-05-25T10:46:50","modified_gmt":"2025-05-25T10:46:50","slug":"adsizlik","status":"publish","type":"page","link":"http:\/\/www.adsizalkolikler.com\/index.php\/home\/adsizlik\/","title":{"rendered":"Ads\u0131zl\u0131k"},"content":{"rendered":"<p>Ads\u0131zl\u0131k, b\u00fct\u00fcn geleneklerimizin manevi temelidir. \u0130lkeleri, her zaman ki\u015filiklerin \u00f6n\u00fcne koymam\u0131z\u0131 hat\u0131rlat\u0131r.<\/p>\n<p><strong>Ki\u015fisel D\u00fczeyde Ads\u0131zl\u0131k<\/strong><\/p>\n<p>\u0130lk g\u00fcnlerinden beri AA toplant\u0131lar\u0131na kat\u0131lan herkese ki\u015fisel olarak ads\u0131z kalacaklar\u0131 s\u00f6z\u00fc verilir. \u00c7\u00fcnk\u00fc, AA&#8217;n\u0131n kurucular\u0131 ve ilk \u00fcyeleri, kendileri de iyile\u015fmekte olan alkolikler olduklar\u0131ndan, \u015fahsi deneyimlerinden \u00e7o\u011fu alkoli\u011fin i\u00e7ki al\u0131\u015fkanl\u0131klar\u0131ndan ne kadar utan\u00e7 duyduklar\u0131n\u0131, kalabal\u0131klar i\u00e7inde veya kamu \u00f6n\u00fcnde a\u00e7\u0131klanmaktan ne kadar korktuklar\u0131n\u0131 bilecek durumdayd\u0131lar.<\/p>\n<p>Alkolizmin ve alkoli\u011fin toplum taraf\u0131ndan damgalanmas\u0131 \u00e7ok g\u00fc\u00e7l\u00fcyd\u00fc. \u0130lk zamanlar AA \u00fcyeleri, \u00f6teki alkolikleri ay\u0131kl\u0131\u011fa ula\u015fma yoluna davet etmekte ve bu y\u00f6nde onlara yard\u0131mc\u0131 olmakta ba\u015far\u0131l\u0131 olmak isteniyorsa, kesin bir gizlilik g\u00fcvencesinin ne kadar gerekli oldu\u011funu anlam\u0131\u015flard\u0131.<\/p>\n<p>Y\u0131llar ge\u00e7tik\u00e7e ads\u0131zl\u0131\u011f\u0131n AA&#8217;n\u0131n ac\u0131 \u00e7eken alkoliklere sundu\u011fu en b\u00fcy\u00fck nimetlerden biri oldu\u011fu anla\u015f\u0131ld\u0131. Ads\u0131zl\u0131k olmadan bir\u00e7ok alkolik ilk toplant\u0131lar\u0131na dahi gelemezlerdi. Etiketlenmenin belli bir oranda etkisini kaybetmesine ra\u011fmen, yeni gelenlerin \u00e7o\u011fu alkolik olduklar\u0131n\u0131 kabul etmekten o kadar tedirgindir ki, bu ancak g\u00fcvenlikli bir ortamda m\u00fcmk\u00fcn olabilirdi. Ads\u0131zl\u0131k b\u00f6yle bir g\u00fcven ve a\u00e7\u0131kl\u0131k yaratmakta esast\u0131.<\/p>\n<p>Mahremiyetin yeni \u00fcyeler a\u00e7\u0131s\u0131ndan bu kadar de\u011ferli olmas\u0131n\u0131n yan\u0131nda, \u00e7o\u011funun AA ba\u011fl\u0131l\u0131klar\u0131 hakk\u0131ndaki iyi haberleri aileleriyle payla\u015fmakta ne kadar istekli olduklar\u0131 da kayda de\u011fer. B\u00f6yle bir a\u00e7\u0131l\u0131m yine de, onlar\u0131n kendi istekleri do\u011frultusunda olmal\u0131d\u0131r. Bir b\u00fct\u00fcn olarak AA, tek tek bireylerin dostlu\u011fa \u00fcyelikleri konusunda mahremiyetlerini korumalar\u0131n\u0131 garanti alt\u0131na almaya \u00f6zen g\u00f6sterir.<\/p>\n<p>Bas\u0131n, radyo, TV ve film d\u00fczeyinde ads\u0131zl\u0131\u011f\u0131n ay\u0131kl\u0131\u011f\u0131m\u0131z\u0131n devam ettirilmesinde ve yayg\u0131nla\u015ft\u0131r\u0131lmas\u0131nda -hem ki\u015fisel, hem de grup d\u00fczeyinde- ne kadar \u00f6nem ta\u015f\u0131d\u0131\u011f\u0131 anlay\u0131\u015f\u0131n\u0131 koruyarak hareket ederiz.<\/p>\n<p><strong>Kamuoyu D\u00fczeyinde Ads\u0131zl\u0131k<\/strong><\/p>\n<p>\u0130lk birka\u00e7 ba\u015far\u0131l\u0131 y\u0131l\u0131ndan sonra AA; dostluk baz\u0131nda \u00e7ok ilgi \u00e7ekici bir duruma geldi. ABD&#8217;nde AA&#8217;y\u0131 \u00f6ven makalelerin yay\u0131nland\u0131\u011f\u0131 magazin ve gazeteler \u00fclke \u00e7ap\u0131nda yayg\u0131nla\u015ft\u0131 ve yay\u0131nlanan her yeni yaz\u0131yla AA&#8217;n\u0131n prestiji artmaya ba\u015flad\u0131. O g\u00fcnlerde herkes h\u00e2l\u00e2 kamu \u00f6n\u00fcnde a\u00e7\u0131klanman\u0131n sonu\u00e7lar\u0131ndan tedirginlik duymakta, dolay\u0131s\u0131yla bas\u0131ndaki ilk yay\u0131nlarda g\u00fcvenlik ad\u0131na \u00fcyelerin ads\u0131zl\u0131\u011f\u0131na ekstra \u00f6zen g\u00f6stermekteydiler.<\/p>\n<p>Alkolizmle ilgili kamu bilinci artt\u0131k\u00e7a, damgalanman\u0131n etkisi azald\u0131 ve \u00e7ok ge\u00e7meden baz\u0131 \u00fcyeler kamu \u00f6n\u00fcnde AA&#8217;ya ba\u011fl\u0131 olduklar\u0131n\u0131 a\u00e7\u0131klamaya ba\u015flad\u0131lar. Bunu ilk a\u00e7\u0131klayanlardan biri me\u015fhur bir sporcuydu. Sahalara geri d\u00f6n\u00fc\u015f\u00fc o kadar muhte\u015femdi ki, gazeteler alkole kar\u015f\u0131 m\u00fccadelesini g\u00f6klere \u00e7\u0131kard\u0131lar. \u00dcyeli\u011fini a\u00e7\u0131klamas\u0131n\u0131n AA&#8217;ya yararl\u0131 olaca\u011f\u0131na inand\u0131\u011f\u0131ndan, bu konuyu kamuoyu \u00f6n\u00fcnde tart\u0131\u015fmaktan \u00e7ekinmemi\u015fti. AA&#8217;n\u0131n kurucular\u0131 bile, b\u00f6yle bir reklam\u0131n maliyetini hen\u00fcz hesaplayamad\u0131klar\u0131ndan, onu onaylam\u0131\u015flard\u0131. Ard\u0131ndan ba\u015fka \u00fcyeler de bas\u0131n ve televizyon kar\u015f\u0131s\u0131nda ads\u0131zl\u0131klar\u0131n\u0131 bozmaya ba\u015flad\u0131lar. Baz\u0131lar\u0131 iyi niyetle, baz\u0131lar\u0131ysa ki\u015fisel kazan\u00e7 h\u0131rs\u0131yla hareket ediyorlard\u0131. Baz\u0131 \u00fcyeler, AA ba\u011fl\u0131l\u0131klar\u0131na bin bir t\u00fcrl\u00fc i\u015f ba\u011flant\u0131s\u0131 sokacak yollar bulmu\u015flard\u0131. Sigortac\u0131l\u0131k hatta dergicilik gibi.<\/p>\n<p>Ancak AA gruplar\u0131n\u0131n \u00f6nde gelenlerinin, ads\u0131zl\u0131\u011f\u0131n bu tutkulu ve h\u0131rsl\u0131 kurucular\u0131n\u0131n dostlu\u011fun, zaten zor kazan\u0131lm\u0131\u015f sayg\u0131nl\u0131\u011f\u0131n\u0131 kolayca mahvedebilece\u011fini anlamalar\u0131 i\u00e7in \u00e7ok zaman ge\u00e7mesi gerekmedi ve tek bir ki\u015fiye bile istisnai bir ayr\u0131cal\u0131k tan\u0131nmas\u0131yla, ba\u015fka istisnalar\u0131n da bunu takip etmekte gecikmeyece\u011fi fark edildi. AA&#8217;n\u0131n birlik, etkililik ve refah\u0131n\u0131 garanti alt\u0131na almak i\u00e7in ads\u0131zl\u0131\u011f\u0131n evrensel olmas\u0131 gerekiyordu. <strong>Ads\u0131zl\u0131k AA&#8217;da her \u015feyin koruyucusuydu.<\/strong><\/p>\n<p>B\u00fct\u00fcn AA \u00fcyelerinin (ve alkolizmden iyile\u015fmelerinde ortak ba\u011flar\u0131ndaki birli\u011fin) manevi temelini ads\u0131zl\u0131k olu\u015fturur. Daha 1946&#8217;da, kurucular\u0131m\u0131zdan Bill W. <em>&#8220;Ads\u0131z, s\u00f6zc\u00fc\u011f\u00fcn\u00fcn bizim i\u00e7in muazzam bir manevi anlam\u0131 vard\u0131r. \u0130ncelikli fakat g\u00fc\u00e7l\u00fc bir \u015fekilde bize her zaman ilkeleri ki\u015filiklerimizin \u00f6n\u00fcnde tutmam\u0131z gerekti\u011fini, kamu \u00f6n\u00fcnde ki\u015fisel b\u00f6b\u00fcrlenmeden geri durmam\u0131z\u0131, ayn\u0131 zamanda ger\u00e7ek bir al\u00e7akg\u00f6n\u00fcll\u00fcl\u00fc\u011f\u00fc de uygulad\u0131\u011f\u0131n\u0131 hat\u0131rlat\u0131r.&#8221;<\/em> demi\u015ftir.<\/p>\n","protected":false},"excerpt":{"rendered":"<p>Ads\u0131zl\u0131k, b\u00fct\u00fcn geleneklerimizin manevi temelidir. \u0130lkeleri, her zaman ki\u015filiklerin \u00f6n\u00fcne koymam\u0131z\u0131 hat\u0131rlat\u0131r. Ki\u015fisel D\u00fczeyde Ads\u0131zl\u0131k \u0130lk g\u00fcnlerinden beri AA toplant\u0131lar\u0131na kat\u0131lan herkese ki\u015fisel olarak ads\u0131z kalacaklar\u0131 s\u00f6z\u00fc verilir. \u00c7\u00fcnk\u00fc, AA&#8217;n\u0131n kurucular\u0131 ve ilk \u00fcyeleri, kendileri de iyile\u015fmekte olan alkolikler olduklar\u0131ndan, \u015fahsi deneyimlerinden \u00e7o\u011fu alkoli\u011fin i\u00e7ki al\u0131\u015fkanl\u0131klar\u0131ndan ne kadar utan\u00e7 duyduklar\u0131n\u0131, kalabal\u0131klar i\u00e7inde veya kamu \u00f6n\u00fcnde &hellip; <\/p>\n<p class=\"link-more\"><a href=\"http:\/\/www.adsizalkolikler.com\/index.php\/home\/adsizlik\/\" class=\"more-link\">Okumaya devam et<span class=\"screen-reader-text\"> &#8220;Ads\u0131zl\u0131k&#8221;<\/span><\/a><\/p>\n","protected":false},"author":1,"featured_media":0,"parent":7,"menu_order":0,"comment_status":"closed","ping_status":"closed","template":"","meta":{"footnotes":""},"class_list":["post-976","page","type-page","status-publish","hentry"],"_links":{"self":[{"href":"http:\/\/www.adsizalkolikler.com\/index.php\/wp-json\/wp\/v2\/pages\/976","targetHints":{"allow":["GET"]}}],"collection":[{"href":"http:\/\/www.adsizalkolikler.com\/index.php\/wp-json\/wp\/v2\/pages"}],"about":[{"href":"http:\/\/www.adsizalkolikler.com\/index.php\/wp-json\/wp\/v2\/types\/page"}],"author":[{"embeddable":true,"href":"http:\/\/www.adsizalkolikler.com\/index.php\/wp-json\/wp\/v2\/users\/1"}],"replies":[{"embeddable":true,"href":"http:\/\/www.adsizalkolikler.com\/index.php\/wp-json\/wp\/v2\/comments?post=976"}],"version-history":[{"count":3,"href":"http:\/\/www.adsizalkolikler.com\/index.php\/wp-json\/wp\/v2\/pages\/976\/revisions"}],"predecessor-version":[{"id":2216,"href":"http:\/\/www.adsizalkolikler.com\/index.php\/wp-json\/wp\/v2\/pages\/976\/revisions\/2216"}],"up":[{"embeddable":true,"href":"http:\/\/www.adsizalkolikler.com\/index.php\/wp-json\/wp\/v2\/pages\/7"}],"wp:attachment":[{"href":"http:\/\/www.adsizalkolikler.com\/index.php\/wp-json\/wp\/v2\/media?parent=976"}],"curies":[{"name":"wp","href":"https:\/\/api.w.org\/{rel}","templated":true}]}}